{"id":3646,"date":"2023-11-13T16:31:34","date_gmt":"2023-11-13T15:31:34","guid":{"rendered":"https:\/\/www.demeuresdevarennes.com\/la-saison-des-fetes\/"},"modified":"2026-01-16T16:20:17","modified_gmt":"2026-01-16T15:20:17","slug":"valentines-day","status":"publish","type":"page","link":"https:\/\/www.demeuresdevarennes.com\/en\/valentines-day\/","title":{"rendered":"Valentine&#8217;s Day"},"content":{"rendered":"<h2 style=\"text-align: center;\">Faites des Demeures, votre maison de campagne pour c\u00e9l\u00e9brer cette fin d\u2019ann\u00e9e ; des chambres chaleureuse, un cadre enveloppant, un restaurant chaleureux, des petits-d\u00e9jeuners gourmands, pour autant de moments \u00e0 savourer.<\/h2>\n<h2>Se reposer<\/h2>\n<p>S\u00e9jour cocooning au coin de la chemin\u00e9e, une tasse de th\u00e9 de No\u00ebl \u00e0 la main face \u00e0 la campagne varennoise. Profiter de la douceur des lieux pour se d\u00e9lasser en couple ou en famille et f\u00eater la nouvelle ann\u00e9e.<\/p>\n<h2>Savourer<\/h2>\n<p>Tout au long du mois de d\u00e9cembre, le restaurant la Table de Varennes et son \u00e9quipe proposeront des exp\u00e9riences gastronomiques :<\/p>\n<p>\u2013 La carte aux douces saveurs de l\u2019hiver<\/p>\n<p>\u2013 Les <strong>petits d\u00e9jeuners &#8211; Brunch<\/strong><br \/>\nCommencez la nouvelle ann\u00e9e en savourant le brunch du 1er janvier<br \/>\n55\u20ac par personne<\/p>\n<p>\u2013 Le <strong>d\u00e9jeuner du No\u00ebl<\/strong><\/p>\n<p>\u2013 Le <strong>d\u00eener de la Saint Sylvestre<\/strong> et ses animations<\/p>\n<h2>S\u2019\u00e9vader<\/h2>\n<p>Profiter de cette parenth\u00e8se de fin d\u2019ann\u00e9e pour d\u00e9couvrir le massage relaxant sur mesure pendant 60 minutes. Une relaxation nourrissante et id\u00e9ale pour une belle journ\u00e9e d\u2019hiver \u00e0 marcher dans la for\u00eat de S\u00e9nart ou au bord de l\u2019Yerres.<\/p>\n<p>&nbsp;<\/p>\n<p>D\u00e9jeuner du 25 d\u00e9cembre :<\/p>\n<p>Mise en Bouche<br \/>\nMarbr\u00e9 de Foie Gras de canard, gel\u00e9e de griottes et Brioche toast\u00e9e<br \/>\nFondant de Chapon en deux cuissons, Mousseline de carottes, et champignons des bois<br \/>\nBrie de Meaux, petite salade d\u2019hiver aux fruits secs<br \/>\nComme une Boule de No\u00ebl, cr\u00e8me de marron, marmelade de Poires et Ganache vanille, r\u00e9alis\u00e9 par Anthony, Le p\u00e2tissier de la Table<\/p>\n<p>79\u20ac par personne<\/p>\n<p>&nbsp;<\/p>\n<p>Diner de la Saint Sylvestre :<\/p>\n<p>Mise en bouche<br \/>\nCarpaccio de St Jacques et butternut marin\u00e9, f\u00e9vette et pur\u00e9e d\u2019herbes<br \/>\nFilet d\u2019agneau Rossini r\u00f4ti doucement, jus cors\u00e9 \u00e0 la truffe et espuma de belle fontenay, compot\u00e9 d\u2019oignons rouges au porto,<br \/>\nAssiette de fromages affin\u00e9s de Laetitia Gaborit MOF<br \/>\nRoyal Chocolat, Insert caramel coulant<br \/>\nLe champagne de minuit<br \/>\nAnimation musicale jusqu\u2019\u00e0 2h00 du matin<\/p>\n<p>169\u20ac par personne<\/p>\n","protected":false},"excerpt":{"rendered":"<p>Faites des Demeures, votre maison de &hellip;<\/p>\n","protected":false},"author":4,"featured_media":0,"parent":0,"menu_order":0,"comment_status":"closed","ping_status":"closed","template":"page-builder.php","meta":{"_acf_changed":false,"footnotes":""},"class_list":["post-3646","page","type-page","status-publish","hentry"],"acf":[],"yoast_head":"<!-- This site is optimized with the Yoast SEO plugin v27.5 - https:\/\/yoast.com\/product\/yoast-seo-wordpress\/ -->\n<title>Valentine&#039;s Day | Demeures de Varennes<\/title>\n<meta name=\"robots\" content=\"index, follow, max-snippet:-1, max-image-preview:large, max-video-preview:-1\" \/>\n<link rel=\"canonical\" href=\"https:\/\/www.demeuresdevarennes.com\/en\/valentines-day\/\" \/>\n<meta property=\"og:locale\" content=\"en_US\" \/>\n<meta property=\"og:type\" content=\"article\" \/>\n<meta property=\"og:title\" content=\"Valentine&#039;s Day | Demeures de Varennes\" \/>\n<meta property=\"og:description\" content=\"Faites des Demeures, votre maison de &hellip;\" \/>\n<meta property=\"og:url\" content=\"https:\/\/www.demeuresdevarennes.com\/en\/valentines-day\/\" \/>\n<meta property=\"og:site_name\" content=\"Demeures de Varennes\" \/>\n<meta property=\"article:modified_time\" content=\"2026-01-16T15:20:17+00:00\" \/>\n<meta property=\"og:image\" content=\"https:\/\/www.demeuresdevarennes.com\/wp-content\/uploads\/2021\/12\/DSCF9197-compressed.jpg\" \/>\n\t<meta property=\"og:image:width\" content=\"2000\" \/>\n\t<meta property=\"og:image:height\" content=\"1333\" \/>\n\t<meta property=\"og:image:type\" content=\"image\/jpeg\" \/>\n<meta name=\"twitter:card\" content=\"summary_large_image\" \/>\n<meta name=\"twitter:label1\" content=\"Est. reading time\" \/>\n\t<meta name=\"twitter:data1\" content=\"2 minutes\" \/>\n<script type=\"application\/ld+json\" class=\"yoast-schema-graph\">{\"@context\":\"https:\\\/\\\/schema.org\",\"@graph\":[{\"@type\":\"WebPage\",\"@id\":\"https:\\\/\\\/www.demeuresdevarennes.com\\\/en\\\/valentines-day\\\/\",\"url\":\"https:\\\/\\\/www.demeuresdevarennes.com\\\/en\\\/valentines-day\\\/\",\"name\":\"Valentine's Day | Demeures de Varennes\",\"isPartOf\":{\"@id\":\"https:\\\/\\\/www.demeuresdevarennes.com\\\/en\\\/#website\"},\"datePublished\":\"2023-11-13T15:31:34+00:00\",\"dateModified\":\"2026-01-16T15:20:17+00:00\",\"breadcrumb\":{\"@id\":\"https:\\\/\\\/www.demeuresdevarennes.com\\\/en\\\/valentines-day\\\/#breadcrumb\"},\"inLanguage\":\"en-US\",\"potentialAction\":[{\"@type\":\"ReadAction\",\"target\":[\"https:\\\/\\\/www.demeuresdevarennes.com\\\/en\\\/valentines-day\\\/\"]}]},{\"@type\":\"BreadcrumbList\",\"@id\":\"https:\\\/\\\/www.demeuresdevarennes.com\\\/en\\\/valentines-day\\\/#breadcrumb\",\"itemListElement\":[{\"@type\":\"ListItem\",\"position\":1,\"name\":\"Accueil\",\"item\":\"https:\\\/\\\/www.demeuresdevarennes.com\\\/en\\\/\"},{\"@type\":\"ListItem\",\"position\":2,\"name\":\"Valentine&rsquo;s Day\"}]},{\"@type\":\"WebSite\",\"@id\":\"https:\\\/\\\/www.demeuresdevarennes.com\\\/en\\\/#website\",\"url\":\"https:\\\/\\\/www.demeuresdevarennes.com\\\/en\\\/\",\"name\":\"Demeures de Varennes\",\"description\":\"Demeures de Varennes\",\"potentialAction\":[{\"@type\":\"SearchAction\",\"target\":{\"@type\":\"EntryPoint\",\"urlTemplate\":\"https:\\\/\\\/www.demeuresdevarennes.com\\\/en\\\/?s={search_term_string}\"},\"query-input\":{\"@type\":\"PropertyValueSpecification\",\"valueRequired\":true,\"valueName\":\"search_term_string\"}}],\"inLanguage\":\"en-US\"}]}<\/script>\n<!-- \/ Yoast SEO plugin. -->","yoast_head_json":{"title":"Valentine's Day | Demeures de Varennes","robots":{"index":"index","follow":"follow","max-snippet":"max-snippet:-1","max-image-preview":"max-image-preview:large","max-video-preview":"max-video-preview:-1"},"canonical":"https:\/\/www.demeuresdevarennes.com\/en\/valentines-day\/","og_locale":"en_US","og_type":"article","og_title":"Valentine's Day | Demeures de Varennes","og_description":"Faites des Demeures, votre maison de &hellip;","og_url":"https:\/\/www.demeuresdevarennes.com\/en\/valentines-day\/","og_site_name":"Demeures de Varennes","article_modified_time":"2026-01-16T15:20:17+00:00","og_image":[{"width":2000,"height":1333,"url":"https:\/\/www.demeuresdevarennes.com\/wp-content\/uploads\/2021\/12\/DSCF9197-compressed.jpg","type":"image\/jpeg"}],"twitter_card":"summary_large_image","twitter_misc":{"Est. reading time":"2 minutes"},"schema":{"@context":"https:\/\/schema.org","@graph":[{"@type":"WebPage","@id":"https:\/\/www.demeuresdevarennes.com\/en\/valentines-day\/","url":"https:\/\/www.demeuresdevarennes.com\/en\/valentines-day\/","name":"Valentine's Day | Demeures de Varennes","isPartOf":{"@id":"https:\/\/www.demeuresdevarennes.com\/en\/#website"},"datePublished":"2023-11-13T15:31:34+00:00","dateModified":"2026-01-16T15:20:17+00:00","breadcrumb":{"@id":"https:\/\/www.demeuresdevarennes.com\/en\/valentines-day\/#breadcrumb"},"inLanguage":"en-US","potentialAction":[{"@type":"ReadAction","target":["https:\/\/www.demeuresdevarennes.com\/en\/valentines-day\/"]}]},{"@type":"BreadcrumbList","@id":"https:\/\/www.demeuresdevarennes.com\/en\/valentines-day\/#breadcrumb","itemListElement":[{"@type":"ListItem","position":1,"name":"Accueil","item":"https:\/\/www.demeuresdevarennes.com\/en\/"},{"@type":"ListItem","position":2,"name":"Valentine&rsquo;s Day"}]},{"@type":"WebSite","@id":"https:\/\/www.demeuresdevarennes.com\/en\/#website","url":"https:\/\/www.demeuresdevarennes.com\/en\/","name":"Demeures de Varennes","description":"Demeures de Varennes","potentialAction":[{"@type":"SearchAction","target":{"@type":"EntryPoint","urlTemplate":"https:\/\/www.demeuresdevarennes.com\/en\/?s={search_term_string}"},"query-input":{"@type":"PropertyValueSpecification","valueRequired":true,"valueName":"search_term_string"}}],"inLanguage":"en-US"}]}},"_links":{"self":[{"href":"https:\/\/www.demeuresdevarennes.com\/en\/wp-json\/wp\/v2\/pages\/3646","targetHints":{"allow":["GET"]}}],"collection":[{"href":"https:\/\/www.demeuresdevarennes.com\/en\/wp-json\/wp\/v2\/pages"}],"about":[{"href":"https:\/\/www.demeuresdevarennes.com\/en\/wp-json\/wp\/v2\/types\/page"}],"author":[{"embeddable":true,"href":"https:\/\/www.demeuresdevarennes.com\/en\/wp-json\/wp\/v2\/users\/4"}],"replies":[{"embeddable":true,"href":"https:\/\/www.demeuresdevarennes.com\/en\/wp-json\/wp\/v2\/comments?post=3646"}],"version-history":[{"count":7,"href":"https:\/\/www.demeuresdevarennes.com\/en\/wp-json\/wp\/v2\/pages\/3646\/revisions"}],"predecessor-version":[{"id":4150,"href":"https:\/\/www.demeuresdevarennes.com\/en\/wp-json\/wp\/v2\/pages\/3646\/revisions\/4150"}],"wp:attachment":[{"href":"https:\/\/www.demeuresdevarennes.com\/en\/wp-json\/wp\/v2\/media?parent=3646"}],"curies":[{"name":"wp","href":"https:\/\/api.w.org\/{rel}","templated":true}]}}

<h2 style="text-align: center;">Faites des Demeures, votre maison de campagne pour célébrer cette fin d’année ; des chambres chaleureuse, un cadre enveloppant, un restaurant chaleureux, des petits-déjeuners gourmands, pour autant de moments à savourer.</h2>
<h2>Se reposer</h2>
<p>Séjour cocooning au coin de la cheminée, une tasse de thé de Noël à la main face à la campagne varennoise. Profiter de la douceur des lieux pour se délasser en couple ou en famille et fêter la nouvelle année.</p>
<h2>Savourer</h2>
<p>Tout au long du mois de décembre, le restaurant la Table de Varennes et son équipe proposeront des expériences gastronomiques :</p>
<p>– La carte aux douces saveurs de l’hiver</p>
<p>– Les <strong>petits déjeuners &#8211; Brunch</strong><br />
Commencez la nouvelle année en savourant le brunch du 1er janvier<br />
55€ par personne</p>
<p>– Le <strong>déjeuner du Noël</strong></p>
<p>– Le <strong>dîner de la Saint Sylvestre</strong> et ses animations</p>
<h2>S’évader</h2>
<p>Profiter de cette parenthèse de fin d’année pour découvrir le massage relaxant sur mesure pendant 60 minutes. Une relaxation nourrissante et idéale pour une belle journée d’hiver à marcher dans la forêt de Sénart ou au bord de l’Yerres.</p>
<p>&nbsp;</p>
<p>Déjeuner du 25 décembre :</p>
<p>Mise en Bouche<br />
Marbré de Foie Gras de canard, gelée de griottes et Brioche toastée<br />
Fondant de Chapon en deux cuissons, Mousseline de carottes, et champignons des bois<br />
Brie de Meaux, petite salade d’hiver aux fruits secs<br />
Comme une Boule de Noël, crème de marron, marmelade de Poires et Ganache vanille, réalisé par Anthony, Le pâtissier de la Table</p>
<p>79€ par personne</p>
<p>&nbsp;</p>
<p>Diner de la Saint Sylvestre :</p>
<p>Mise en bouche<br />
Carpaccio de St Jacques et butternut mariné, févette et purée d’herbes<br />
Filet d’agneau Rossini rôti doucement, jus corsé à la truffe et espuma de belle fontenay, compoté d’oignons rouges au porto,<br />
Assiette de fromages affinés de Laetitia Gaborit MOF<br />
Royal Chocolat, Insert caramel coulant<br />
Le champagne de minuit<br />
Animation musicale jusqu’à 2h00 du matin</p>
<p>169€ par personne</p>
